hat is the highest common divisor of 20804 and 28?
28
What is the greatest common factor of 325 and 2665?
65
What is the highest common divisor of 2247 and 14?
7
Calculate the highest common factor of 173 and 5.
1
Calculate the highest common divisor of 2625 and 4725.
525
What is the highest common divisor of 9540 and 72?
36
What is the highest common factor of 12 and 108?
12
Calculate the greatest common factor of 147 and 273.
21
What is the highest common divisor of 9345 and 105?
105
What is the highest common divisor of 124 and 31?
31
What is the highest common divisor of 6890 and 106?
106
What is the highest common factor of 5 and 205?
5
What is the greatest common factor of 390 and 270?
30
Calculate the highest common factor of 166 and 34.
2
Calculate the highest common factor of 17008 and 16.
16
What is the highest common factor of 45 and 312?
3
Calculate the greatest common factor of 351 and 13.
13
Calculate the highest common factor of 34 and 102.
34
Calculate the greatest common factor of 87 and 153.
3
Calculate the greatest common factor of 117 and 78.
39
What is the highest common factor of 8 and 108?
4
What is the highest common factor of 160 and 115?
5
Calculate the highest common divisor of 18 and 2754.
18
What is the greatest common factor of 299 and 5?
1
Calculate the greatest common factor of 25 and 35.
5
Calculate the highest common divisor of 1387 and 19.
19
What is the greatest common divisor of 5992 and 14?
14
Calculate the greatest common divisor of 147 and 98.
49
Calculate the highest common divisor of 8 and 1.
1
What is the greatest common divisor of 1010 and 10?
10
What is the highest common divisor of 20 and 548?
4
Calculate the greatest common factor of 5 and 119.
1
What is the highest common factor of 80 and 10?
10
Calculate the highest common factor of 844 and 4.
4
What is the highest common divisor of 2173 and 53?
53
Calculate the highest common factor of 275 and 11.
11
What is the greatest common factor of 2130 and 12?
6
Calculate the highest common divisor of 56784 and 16.
16
Calculate the highest common divisor of 440 and 20.
20
What is the highest common factor of 114 and 190?
38
Calculate the greatest common factor of 6175 and 39.
13
What is the greatest common factor of 1157 and 1053?
13
Calculate the greatest common factor of 212 and 265.
53
What is the highest common factor of 4401 and 9?
9
Calculate the highest common factor of 48 and 6.
6
Calculate the highest common divisor of 286 and 660.
22
Calculate the highest common factor of 130 and 1235.
65
What is the greatest common factor of 684 and 36?
36
What is the highest common divisor of 3439 and 19?
19
What is the greatest common divisor of 15 and 156?
3
What is the highest common factor of 183 and 15?
3
Calculate the greatest common divisor of 62 and 3937.
31
Calculate the highest common divisor of 308 and 12364.
44
What is the highest common factor of 3680 and 50?
10
Calculate the highest common divisor of 385 and 2640.
55
Calculate the highest common divisor of 190 and 304.
38
What is the highest common factor of 13 and 62?
1
What is the highest common divisor of 35 and 370?
5
Calculate the greatest common divisor of 1625 and 13.
13
What is the greatest common divisor of 1705 and 93?
31
Calculate the greatest common factor of 9 and 384.
3
What is the greatest common factor of 1421 and 3857?
203
What is the greatest common divisor of 28 and 756?
28
What is the highest common factor of 190 and 494?
38
What is the greatest common factor of 1334 and 58?
58
What is the greatest common divisor of 108 and 144?
36
Calculate the greatest common divisor of 49764 and 39.
39
Calculate the highest common divisor of 3485 and 5.
5
Calculate the greatest common factor of 329 and 2068.
47
What is the highest common factor of 39 and 429?
39
What is the highest common divisor of 60 and 5892?
12
What is the highest common divisor of 53 and 53?
53
What is the greatest common divisor of 872 and 5995?
109
What is the highest common divisor of 906 and 12?
6
Calculate the greatest common factor of 763 and 161.
7
What is the highest common factor of 17038 and 56?
14
Calculate the highest common factor of 430 and 731.
43
What is the highest common factor of 7 and 10?
1
Calculate the greatest common factor of 830 and 10.
10
Calculate the highest common factor of 1243 and 44.
11
What is the highest common divisor of 210 and 315?
105
Calculate the highest common factor of 210 and 15260.
70
Calculate the highest common factor of 803 and 1241.
73
Calculate the highest common factor of 155 and 5.
5
Calculate the greatest common divisor of 96 and 708.
12
Calculate the highest common divisor of 4653 and 198.
99
What is the highest common divisor of 3942 and 108?
54
What is the greatest common divisor of 847 and 385?
77
Calculate the greatest common factor of 234 and 130.
26
Calculate the highest common divisor of 438 and 6.
6
What is the greatest common divisor of 441 and 63?
63
What is the greatest common divisor of 901 and 1377?
17
What is the highest common factor of 1365 and 105?
105
What is the highest common divisor of 26 and 1664?
26
What is the greatest common divisor of 1974 and 18?
6
What is the greatest common factor of 61 and 1403?
61
What is the highest common divisor of 4109 and 7?
7
Calculate the greatest common divisor of 120 and 3000.
120
What is the highest common divisor of 1620 and 105?
15
What is the highest common factor of 255 and 5202?
51
Calculate the highest common factor of 3749 and 115.
23
What is the greatest common divisor of 90 and 1602?
18
What is the greatest common divisor of 536 and 4757?
67
Calculate the highest common divisor of 10556 and 84.
28
Calculate the greatest common divisor of 140 and 5.
5
What is the highest common divisor of 161 and 21?
7
Calculate the highest common factor of 117 and 22581.
117
What is the highest common factor of 25 and 65?
5
Calculate the greatest common divisor of 108 and 3708.
36
Calculate the greatest common factor of 66 and 682.
22
Calculate the highest common divisor of 58 and 493.
29
Calculate the greatest common factor of 8 and 7096.
8
Calculate the greatest common divisor of 20 and 250.
10
Calculate the highest common divisor of 724 and 52.
4
Calculate the greatest common divisor of 18 and 225.
9
What is the greatest common factor of 176 and 24?
8
Calculate the highest common factor of 173 and 27334.
173
What is the greatest common divisor of 832 and 816?
16
Calculate the highest common divisor of 4437 and 783.
261
What is the greatest common divisor of 37 and 3071?
37
What is the highest common factor of 78 and 26?
26
Calculate the greatest common divisor of 130 and 52.
26
Calculate the greatest common factor of 33 and 176.
11
Calculate the greatest common divisor of 21 and 74802.
21
Calculate the greatest common divisor of 52521 and 183.
183
What is the highest common factor of 266 and 95?
19
Calculate the greatest common factor of 21175 and 525.
175
What is the greatest common factor of 3 and 2?
1
What is the highest common factor of 18 and 34?
2
What is the greatest common divisor of 105 and 7?
7
Calculate the highest common factor of 1403 and 61.
61
Calculate the greatest common divisor of 2 and 32.
2
Calculate the greatest common factor of 196 and 833.
49
What is the highest common factor of 136 and 340?
68
What is the greatest common factor of 90 and 190?
10
Calculate the greatest common factor of 3892 and 168.
28
Calculate the greatest common divisor of 27 and 783.
27
What is the greatest common divisor of 133 and 4256?
133
What is the highest common factor of 288 and 96?
96
Calculate the highest common divisor of 210 and 175.
35
Calculate the highest common factor of 11 and 242.
11
What is the highest common factor of 10 and 2815?
5
What is the highest common divisor of 19 and 171?
19
What is the highest common factor of 24 and 3996?
12
What is the greatest common factor of 837 and 405?
27
Calculate the highest common divisor of 231 and 133.
7
Calculate the greatest common factor of 5 and 1.
1
What is the highest common divisor of 48 and 132?
12
Calculate the greatest common divisor of 108 and 81.
27
What is the highest common divisor of 170 and 6?
2
Calculate the greatest common divisor of 902 a